What is the billions digit of 1501939484?
1
What is the hundred thousands digit of 52578985?
5
What is the hundreds digit of 222674405?
4
What is the ten thousands digit of 44330904?
3
What is the billions digit of 3036245194?
3
What is the thousands digit of 246368741?
8
What is the thousands digit of 46545650?
5
What is the millions digit of 1908377840?
8
What is the thousands digit of 1202986364?
6
What is the hundred thousands digit of 2213451454?
4
What is the thousands digit of 264855781?
5
What is the ten thousands digit of 27060072?
6
What is the hundreds digit of 120846587?
5
What is the ten millions digit of 86956166?
8
What is the ten millions digit of 5621861225?
2
What is the hundreds digit of 64605843?
8
What is the hundred millions digit of 6300198042?
3
What is the thousands digit of 676730296?
0
What is the hundreds digit of 1612744154?
1
What is the ten millions digit of 2487551299?
8
What is the hundred thousands digit of 248426744?
4
What is the hundred millions digit of 7353246245?
3
What is the hundreds digit of 925787100?
1
What is the ten millions digit of 58367483?
5
What is the ten millions digit of 67824522?
6
What is the thousands digit of 66967427?
7
What is the hundred thousands digit of 137227773?
2
What is the thousands digit of 28724407?
4
What is the hundred thousands digit of 13562931?
5
What is the thousands digit of 283436570?
6
What is the hundreds digit of 70143984?
9
What is the units digit of 114889426?
6
What is the units digit of 775986764?
4
What is the hundreds digit of 647900565?
5
What is the millions digit of 19710751?
9
What is the thousands digit of 43928317?
8
What is the hundred millions digit of 228255538?
2
What is the hundreds digit of 15904199?
1
What is the tens digit of 186703215?
1
What is the ten millions digit of 194720609?
9
What is the thousands digit of 634152791?
2
What is the hundred thousands digit of 128220953?
2
What is the hundreds digit of 4404342?
3
What is the millions digit of 258982080?
8
What is the tens digit of 1152766549?
4
What is the hundreds digit of 49292217?
2
What is the tens digit of 6751221203?
0
What is the hundred thousands digit of 169730390?
7
What is the ten millions digit of 272913511?
7
What is the tens digit of 10247869?
6
What is the millions digit of 115285594?
5
What is the millions digit of 112965843?
2
What is the millions digit of 437304622?
7
What is the hundred thousands digit of 69107474?
1
What is the tens digit of 1731962371?
7
What is the hundreds digit of 7440903540?
5
What is the thousands digit of 539751865?
1
What is the hundred thousands digit of 70389190?
3
What is the units digit of 738028794?
4
What is the millions digit of 108820479?
8
What is the millions digit of 20793593?
0
What is the hundred millions digit of 1529663667?
5
What is the hundreds digit of 1312705095?
0
What is the hundred millions digit of 144610971?
1
What is the hundreds digit of 1333272893?
8
What is the hundred millions digit of 121534457?
1
What is the units digit of 2331951278?
8
What is the ten thousands digit of 8970216335?
1
What is the ten millions digit of 478628560?
7
What is the thousands digit of 71180628?
0
What is the ten thousands digit of 180069353?
6
What is the units digit of 8377214078?
8
What is the units digit of 1478339?
9
What is the units digit of 1737157434?
4
What is the ten thousands digit of 78387469?
8
What is the ten millions digit of 3128607699?
2
What is the hundred millions digit of 4114221010?
1
What is the hundred millions digit of 1363593052?
3
What is the ten millions digit of 102577242?
0
What is the hundreds digit of 119660131?
1
What is the tens digit of 190152709?
0
What is the hundreds digit of 132585548?
5
What is the ten thousands digit of 1278499309?
9
What is the hundreds digit of 513914765?
7
What is the ten millions digit of 555248995?
5
What is the hundreds digit of 59474911?
9
What is the thousands digit of 3528068551?
8
What is the hundred thousands digit of 42938350?
9
What is the hundreds digit of 378902804?
8
What is the ten thousands digit of 57204053?
0
What is the units digit of 9896613?
3
What is the hundred thousands digit of 160500892?
5
What is the ten thousands digit of 2399411867?
1
What is the units digit of 590316604?
4
What is the hundred thousands digit of 1343860623?
8
What is the hundred millions digit of 1513264201?
5
What is the ten thousands digit of 41739315?
3
What is the hundreds digit of 71341440?
4
What is the tens digit of 6268588572?
7
What is the hundreds digit of 84269097?
0
What is the hundreds digit of 2293472544?
5
What is the hundreds digit of 585791550?
5
What is the hundreds digit of 2133677972?
9
What is the thousands digit of 86178901?
8
What is the millions digit of 6827535?
6
What is the ten millions digit of 135485818?
3
What is the ten millions digit of 271174691?
7
What is the ten millions digit of 30529232?
3
What is the hundreds digit of 3273569001?
0
What is the hundreds digit of 97901919?
9
What is the thousands digit of 912287241?
7
What is the hundred thousands digit of 184085014?
0
What is the tens digit of 59814557?
5
What is the millions digit of 80631624?
0
What is the hundreds digit of 36846246?
2
What is the thousands digit of 428188721?
8
What is the hundred millions digit of 4870672581?
8
What is the hundred thousands digit of 315422794?
4
What is the billions digit of 5836642323?
5
What is the units digit of 80452803?
3
What is the millions digit of 33717453?
3
What is the units digit of 11535154?
4
What is the ten thousands digit of 27862618?
6
What is the millions digit of 236217313?
6
What is the millions digit of 77270961?
7
What is the hundreds digit of 82720388?
3
What is the ten millions digit of 57958148?
5
What is the thousands digit of 43258164?
8
What is the hundreds digit of 58090017?
0
What is the tens digit of 794734669?
6
What is the ten millions digit of 40837183?
4
What is the hundred thousands digit of 13475952?
4
What is the hundred millions digit of 119707031?
1
What is the tens digit of 6548440726?
2
What is the thousands digit of 12591005?
1
What is the tens digit of 4497009659?
5
What is the units digit of 679575841?
1
What is the hundred thousands digit of 85959845?
9
What is the ten thousands digit of 139481562?
8
What is the units digit of 331712251?
1
What is the hundreds digit of 164783390?
3
What is the tens digit of 57472507?
0
What is the ten thousands digit of 1376364137?
6
What is the thousands digit of 4736518?
6
What is the ten thousands digit of 577815497?
1
What is the ten thousands digit of 3515339624?
3
What is the ten millions digit of 206586364?
0
What is the ten millions digit of 1633739646?
3
What is the millions digit of 44560587?
4
What is the thousands digit of 550967637?
7
What is the units digit of 160687216?
6
What is the hundreds digit of 184068623?
6
What is the ten thousands digit of 229335889?
3
What is the units digit of 956302820?
0
What is the tens digit of 9439937860?
6
What is the millions digit of 21979613?
1
What is the millions digit of 252684437?
2
What is the ten thousands digit of 6973934?
7
What is the ten thousands digit of 123577440?
7
What is the units digit of 5163386942?
2
What is the ten thousands digit of 696626549?
2
What is the hundred thousands digit of 2382682025?
6
What is the hundred millions digit of 991108611?
9
What is the thousands digit of 466491783?
1
What is the billions digit of 1309167114?
1
What is the hundred thousands digit of 31562872?
5
What is the hundred thousands digit of 52064079?
0
What is the billions digit of 1265901375?
1
What is the hundreds digit of 916489846?
8
What is the ten millions digit of 487069217?
8
What is the hundred thousands digit of 489976696?
9
What is the hundred millions digit of 1868929759?
8
What is the hundred millions digit of 118396421?
1
What is the ten millions digit of 27282795?
2
What is the ten millions digit of 46223136?
4
What is the units digit of 14400688?
8
What is the hundred millions digit of 190501286?
1
What is the hundred thousands digit of 155102020?
1
What is the millions digit of 1387982964?
7
What is the hundred thousands digit of 717738860?
7
What is the millions digit of 43931175?
3
What is the ten millio